 b be (60/(-25))/(4/(-470)). Suppose -5*i - 5*d = -b + 62, 0 = -i + 3*d + 52. List the prime factors of i.
2, 23
Suppose -26 = -2*j - 2*h + 3*h, -3*h = -2*j + 30. Let s be (-312)/(-15) - j/15. Suppose -17*p - 9 = -s*p. What are the prime factors of p?
3
Let t(l) = -l - 1. Let r be t(1). Let u = 1 - r. What are the prime factors of (u - 5) + 8 + -2?
2
Suppose 3*s - 6 = -0. Suppose -6*z + s*z + 3*h + 123 = 0, 129 = 4*z - h. What are the prime factors of z?
3, 11
Suppose 24*w - 27*w = -4*p - 12843, 2*w = 4*p + 8566. What are the prime factors of w?
7, 13, 47
Let b(o) = 44*o**2 + 39*o + 72. List the prime factors of b(-6).
2, 3, 79
Let y(k) = 4*k**2 - 3*k - 12. What are the prime factors of y(6)?
2, 3, 19
Let f be (-3 - -3)/(-1*2). What are the prime factors of (3 + f)/((-45)/(-480))?
2
Let d be (-18)/3*(-80)/6. Suppose 2*b = 5*r + d, 26 + 14 = b - r. List the prime factors of b.
2, 5
Let g(v) = 11*v - 4. Let y be g(-7). What are the prime factors of -10*(1 - -1 - y/(-9))?
2, 5, 7
Let t be -1*(2 - (17 + -2)). Let w = t + -8. Suppose g = -5*s + 10, -5*g - w*s + 79 = 9. What are the prime factors of g?
3, 5
Suppose -7*m + 54 = -247. Let o = -38 + 13. Let l = m + o. What are the prime factors of l?
2, 3
Let c be 194/14 + 2/14. What are the prime factors of (0 - (1 + -20))*196/c?
2, 7, 19
Let b(y) = -55*y - y**3 + 15 + 113*y - 40*y + 15*y**2. What are the prime factors of b(16)?
47
Let f(i) = 24*i**2 + 55*i + 560. What are the prime factors of f(-13)?
47, 83
Let n be (4/(-6))/(10/1545). Let j be 5/(-25)*0 - n. Let x = j + -40. List the prime factors of x.
3, 7
Let s = 2 + 2. Let p be (-3)/s + (-22)/(-8). Suppose -h - p*z = -16, 2*z + 3*z - 50 = -3*h. What are the prime factors of h?
2, 5
Suppose 0 = -2*s + 5*s + 33. Suppose 7*x + 23 = 16. Let r = x - s. List the prime factors of r.
2, 5
Suppose 4*a - 44 - 1678 = -2*m, 3453 = 4*m - a. What are the prime factors of m?
863
Let d(a) = a**3 + 33*a**2 + 26*a + 42. What are the prime factors of d(-31)?
2, 3, 193
Suppose -15*k = 2*k - 51. Let j(l) = 24*l**2 + 7*l - 5. List the prime factors of j(k).
2, 29
Suppose 23*v + 26*v = 243138. What are the prime factors of v?
2, 3, 827
Let z(n) = 6*n**2 + 5*n - 6. Let h be z(3). Let q = -22 + h. What are the prime factors of q?
41
Suppose 0 = -5*p + 230 - 20. Suppose d + 2*d - p = 0. List the prime factors of d.
2, 7
Suppose 2*z = -4*i - 6, 2*i - 4*z - 2 = -0*i. Let b be 10/(i - 5/(-4)). Suppose -g + b = 15. List the prime factors of g.
5
Let j be 10 - 7 - 312/3. Let m = -62 - j. What are the prime factors of m?
3, 13
Let m be 8/12 + 10/3. Let f be m + 7/((-7)/4). Suppose 4*n = 4*y - 50 + 214, f = -2*n - 4*y + 58. What are the prime factors of n?
37
Suppose -2*m - 26 = -t, -5*t - 3*m - 48 = -178. List the prime factors of 3/2*t/3.
13
Let c = 0 + 3. Let v(f) = f**2 - 19*f + 36. Let h be v(17). Suppose h*q - c = 47. List the prime factors of q.
5
Suppose -17 = -i - 4. Let a = i + -3. Suppose -j + a = j. What are the prime factors of j?
5
Let w(a) = 15*a**2 + 45*a + 63. What are the prime factors of w(-12)?
3, 11, 17
Let y be (-45)/(-10)*(4 - 2). Let w = y + -4. Suppose 3*c = 5*k - 231 - 155, -2*k = w*c - 142. What are the prime factors of k?
2, 19
What are the prime factors of (-5)/(30/(-6)) - -1041?
2, 521
Let i be (-6)/(-2)*(-9 - -12). Suppose 2*q - 4 + i = 3*t, 0 = -2*t + q + 4. Suppose 8*g = t*g + 15. What are the prime factors of g?
3
Let b(z) = z**3 + 9*z**2 - z + 8. Suppose -3*m + 29 = 4*q + 2, -3*m + 6 = -3*q. Let w(x) = x**2 - 6*x - 4. Let d be w(m). What are the prime factors of b(d)?
17
Let x(v) = -5*v. Let a be x(2). Let i be 1/((9/(-3))/(-108)). Let h = i + a. List the prime factors of h.
2, 13
Let s be (-2 + 0)*2/(-4). Let h = 125 + -105. Let u = h + s. What are the prime factors of u?
3, 7
Suppose -2165 = 22*m - 9095. What are the prime factors of m?
3, 5, 7
Let m be 0 - (-1)/5 - 3735/(-75). Let p be 0/(2/(-1 + 0)). Suppose 5*z = -p*z + m. List the prime factors of z.
2, 5
Let x(r) = -r**2 - r. Let t(k) = 5*k**2 - 8*k - 1. Let f(v) = t(v) - 4*x(v). What are the prime factors of f(2)?
3
Suppose 3*f - 174 = 5*a, -4*f = -3*a + a - 246. What are the prime factors of f?
3, 7
List the prime factors of (14980/98)/(-1 - (-24)/21).
2, 5, 107
Let k(t) = t**2 + 10*t + 3. Let z be k(-10). Suppose 4*j = z*v - 166, 5*v - 296 = -7*j + 4*j. List the prime factors of v.
2, 29
Suppose n + 2*n - 831 = -3*g, 4*g - 1102 = -n. List the prime factors of g.
5, 11
Let f(w) = -w**2 + 101*w - 107. List the prime factors of f(55).
2423
Let s(h) = -h**3 - h**2 + 142. Let u be s(0). Suppose -2*z = -2*j + 7*j - u, -5*j = -2*z + 122. List the prime factors of z.
2, 3, 11
Let c = -130 - -303. What are the prime factors of c?
173
Let o = 1278 - 570. What are the prime factors of o?
2, 3, 59
Let z(w) = -11*w - 2. Let h be -1 + ((-16)/(-1))/(-4). Let i be z(h). Let a = i + 1. What are the prime factors of a?
2, 3
Suppose 3*q - 3*t = 11145, -5*t - 3003 + 17854 = 4*q. What are the prime factors of q?
2, 3, 619
Suppose 3274 - 509 = 5*i - 5*y, 5*y = i - 573. What are the prime factors of i?
2, 137
Let l(z) = 2*z**2 + z - 1. Let b be l(-2). Suppose 460 - 100 = b*s. List the prime factors of s.
2, 3
Suppose -4*o + 2 = 54. Let l = 16 + o. Let r(q) = 2*q**2 + 5*q - 4. What are the prime factors of r(l)?
29
Suppose -12048 = -7*b + 6495. List the prime factors of b.
3, 883
Suppose 61*p + 60787 = 150*p. List the prime factors of p.
683
Let i(h) be the third derivative of 1/20*h**6 - 1/2*h**3 + 0*h + h**2 + 1/8*h**4 - 1/30*h**5 + 0. What are the prime factors of i(2)?
43
Suppose -5*m = 5*h - 270, -h + 231 = 3*m + m. What are the prime factors of m?
59
Let c(i) = -i**3 + 2*i**2 + 3*i - 17. Let y(u) = u**2 - u - 1. Let a(k) = -c(k) - 2*y(k). What are the prime factors of a(8)?
3, 89
Suppose g = 2787 - 354. List the prime factors of g.
3, 811
What are the prime factors of (1918 + -5 + 3)*(-3)/(-12)?
479
Suppose 5*i + 2*l - 3570 = 0, 3*i = -l + 685 + 1457. What are the prime factors of i?
2, 3, 7, 17
Let j(z) = -z**3 + 17*z**2 + 4*z - 8. Let f be -3 + 4 + 13 - -3. What are the prime factors of j(f)?
2, 3, 5
Let b = 1193 - -201. What are the prime factors of b?
2, 17, 41
Let f(x) = x**2 + 2*x + 12. Let h be f(9). Suppose 4*z - h = -t - 0*t, -4*z + 106 = 2*t. List the prime factors of z.
29
What are the prime factors of 1540 - (2 + -6 + -2)?
2, 773
Let c = -132 - -137. Suppose -c*p = -381 - 249. What are the prime factors of p?
2, 3, 7
Let m = 1542 + -366. Suppose 7*g = -g + m. List the prime factors of g.
3, 7
Let n be (-3)/(-3 + (-364)/(-120)). Let v = n - -102. What are the prime factors of v?
2, 3
Suppose -6*b + 436 = -194. List the prime factors of b.
3, 5, 7
Let i be (-1 + 1 - (-10 + 10))/3. What are the prime factors of i*(-2 - (-10)/4) - -78?
2, 3, 13
Let u = 14 - 12. Let h be 19*(u - 1)*1. Let y = h + -16. List the prime factors of y.
3
Let w = -673 + 1200. List the prime factors of w.
17, 31
Let s(x) = 3*x**3 + 2*x - 2. Let h be s(2). Suppose 2*a - 3*a + h = 0. Suppose 0 = -3*w - y + 10, 0 = 5*w + 4*y - 0*y - a. What are the prime factors of w?
2
Let y(z) = -z**3 + 14*z**2 + 42*z + 6. List the prime factors of y(15).
3, 137
Let j(u) = 5*u**3 - 7*u**2 + 19*u + 63. List the prime factors of j(7).
2, 7
Let i = -47 + 47. Suppose i = -u + 5*g + 146, -4*u - 3*g + 240 = -2*u. List the prime factors of u.
2, 3, 7
Let t be 732/(-20)*-1 + (-3)/5. Let s = 6 + t. List the prime factors of s.
2, 3, 7
Suppose -16 = -u - 3*u. Suppose 2*z = -u, -32 = -w - 3*z + 26. Suppose k = 2*i - 0*k - w, 4*k + 106 = 3*i. What are the prime factors of i?
2, 3, 5
Suppose -678 = -3*z + 1455. What are the prime factors of z?
3, 79
Suppose -6 = b - 5*y, 4 = -5*y + y. Let z = b + 17. What are the prime factors of z?
2, 3
Suppose 872*f = 854*f + 66762. List the prime factors of f.
3709
Suppose 2718 = a - 15*y + 13*y, 2*y + 5438 = 2*a. List the prime factors of a.
2, 5, 17
Suppose 0 = -11*x + 6*x + 225. Let j = 179 + x. What are the prime factors of j?
2, 7
Let c be (2/(-8)*6)/((-9)/12). Suppose 0*s - 208 = -c*s. What are the prime factors of s?
2, 13
Let k = -10 + 9. Let m(u) = -209*u - 8. What are the prime factors of m(k)?
3, 67
Suppose -4*y - 318 = -2*l, y = -l - y + 143. Suppose 7*w - 1677 = -l. What are the prime factors of